 -n. Let y be r(s). Calculate u(y).
12
Let a(v) = 7*v**2 - 2039 - 2*v**3 + 2034 + 3*v**3 + 7*v. Calculate a(-6).
-11
Let f(o) be the first derivative of -3*o**2 + o - 1. Let y = 9 + -2. Suppose -y = -5*x - 2*x. What is f(x)?
-5
Let u(w) = w + 17. Suppose 8 - 8 = 5*n. Calculate u(n).
17
Suppose 4*v + 5*f - 85 = 0, 2*v - 50 = -3*v + 5*f. Let r(o) = 3 - v*o + 17*o + 2. Determine r(-4).
-3
Let k(r) = -10 + 2*r + 9 - 2*r + 4*r. Calculate k(-2).
-9
Let q(h) = 14*h - 30*h + 10*h + 11*h. Determine q(4).
20
Let n(q) = -4*q**2 - 7 - 8*q**2 + 5*q + q**3 - 17*q. Let j be n(13). Let o(h) = -8*h**3 + h**3 - h - 2*h**2 + j*h**3 - 2. What is o(-2)?
0
Suppose 332 = 6*c - 4. Let j = c + -59. Let p(y) = -y - 5. What is p(j)?
-2
Let o(a) = -a - 7. Let t be o(-5). Suppose 4*z - 6 + 25 = h, -4*h + 4 = 2*z. Let y(m) = -2*m**h + 4 + 3*m**3 + 3*m**2 - 2 - 5*m**2. Give y(t).
-14
Let o(n) = n**3 - 7*n**2 + 5*n - 1. Suppose 5*k + 4*s + 0*s - 26 = 0, -5*s + 26 = 3*k. Suppose 13 - 1 = k*z. Determine o(z).
-7
Let z(g) = -g**2 + 5*g - 4. Suppose 17*i + 37 = 122. What is z(i)?
-4
Suppose -6*x = -x + 30. Let n(s) = s**3 - 3*s**2 - 10*s + 4. Let v be n(5). Let m(r) = 3*r**2 - 8 - v*r**2 - 11*r + 12*r - 7*r. What is m(x)?
-8
Let x = -1/21 + 8/21. Let a(m) be the first derivative of 7/2*m**2 + 1 + 3*m - x*m**3. Give a(6).
9
Let d = 49 - 33. Let s(c) = -c + 16. Let p be s(d). Let v(i) = p*i - i - 3 + 5 + 1. Calculate v(5).
-2
Let g(s) = 8*s + 3*s - 10*s - 2. Let a(y) = -6*y - 27. Let u be a(-5). Give g(u).
1
Let s(n) be the third derivative of 1/24*n**4 - 4*n**2 - 1/120*n**6 + 0 + 0*n + 0*n**5 - 1/6*n**3. Determine s(-2).
5
Suppose -3*i - 18 = -5*d, 0*i + 10 = 4*d + 2*i. Let b(g) be the first derivative of -g**3/3 + g**2 + g - 108. Determine b(d).
-2
Let t(q) be the third derivative of q**5/30 + 11*q**4/24 + 2*q**3 + 41*q**2. Give t(-8).
52
Let v be 1/(5/(-2) - -2). Let j(r) = 3*r**3 - 8*r**2 - 7*r - 14. Let u(b) = 2*b**3 - 7*b**2 - 6*b - 11. Let s(q) = 3*j(q) - 4*u(q). Give s(v).
4
Let t(i) = i. Let p(k) = -2*k - 7. Let r(b) = -p(b) - 3*t(b). Calculate r(-10).
17
Let m = -4049/15 - -270. Let a(v) be the third derivative of m*v**6 + 0*v - 1/24*v**4 - 1/60*v**5 + 1/6*v**3 - v**2 + 0. Calculate a(1).
7
Let s = 1468 + -1468. Let b(c) = 2 + 2*c - 20 + 0*c - 3*c. Determine b(s).
-18
Suppose 5*m - 84 = -7*m. Let y(j) = 3*j - 14. What is y(m)?
7
Let v(l) be the third derivative of -l**5/60 + 5*l**4/24 + l**3/2 - 89*l**2. Give v(5).
3
Let b(x) = 4*x + 4. Let c be (-1)/(((-1)/2)/1). Suppose -4*y = 5*p - 22, -p - 8 = p - 4*y. Suppose c + p = -u, u = 2*h + 4. Calculate b(h).
-12
Let v(o) be the first derivative of -4/3*o**3 - 2*o**2 + 1/4*o**4 - 7*o - 10. Determine v(5).
-2
Let n = 83 + -70. Let s(y) = y**2 - y + 18. Let b be s(0). Let q = n - b. Let r(l) = l**2 + 5*l - 2. Give r(q).
-2
Let w(i) = i**3 - i**2. Let c(l) = 5*l**3 - 6*l**2 + 16. Let p(g) = c(g) - 6*w(g). Suppose 176*u = 174*u. Determine p(u).
16
Suppose -2*y - 42 = -24. Let u(v) = v + 1. Calculate u(y).
-8
Let g(y) = -y - 6. Suppose -84*k + 86*k = 0. Give g(k).
-6
Let c = -2 - -11. Suppose 0 = -2*y + c + 15. Suppose u + y = 5*u. Let v(q) = -q**3 + 3*q**2 - q + 1. Determine v(u).
-2
Let v(p) be the third derivative of -p**6/360 + p**5/120 + p**4/24 + 10*p**3/3 - 26*p**2. Let k(f) be the first derivative of v(f). Give k(-1).
-1
Suppose 4 = -50*b + 48*b - 2*o, -o = 2*b + 5. Let k(h) be the first derivative of -h**3/3 - 3*h**2/2 + 4*h - 5. Calculate k(b).
4
Let g(y) = -y - 4 - 2 + 1 + 4. Let t be g(-2). Let h(u) = -5*u**2 + u - 1. Calculate h(t).
-5
Let y be (-24)/(-32)*14/21. Let f(n) be the second derivative of y*n**3 + 4*n - 1/12*n**4 + 3/2*n**2 + 0. What is f(5)?
-7
Suppose 8*u = u + 28. Let z be (-1)/2*u*5/(-2). Let p(w) = w**3 - 4*w**2 - 7*w + 7. Give p(z).
-3
Let p(r) = -r**3 + 5*r**2 + 2*r - 5. Suppose -w = -7 - 2. Let t = w - 4. Suppose 0 = -8*s + t*s + 5*v + 20, 0 = s + v - 4. Determine p(s).
5
Let d = 21 + -13. Suppose 3*f - 5*w = d, 2*f - 4*w + 0 = 6. Let y(h) = -h**2 + 5*h - 6. Let z(i) = -i**2 + 4*i - 5. Let t(p) = 4*y(p) - 5*z(p). Calculate t(f).
2
Let a(y) = 4*y**2. Let h(d) = -d**2 + 1. Let q be h(4). Let g = 16 + q. Determine a(g).
4
Let p(g) = -g**2 + 13*g + 11. Suppose 58*y - 56 = 54*y. Calculate p(y).
-3
Let i = -5 - -8. Let h be i/(6/10 - 0). Let j(u) = -3 + 5*u**2 + 7*u + u**3 - 25*u**2 + 14*u**2. Calculate j(h).
7
Suppose -4*i + 3*k = 29, -i - 3*k = 2*k - 10. Let d(l) be the first derivative of l**3/3 + 3*l**2 - 6*l + 32. Give d(i).
-11
Let q(z) be the third derivative of -z**5/30 - z**4/3 - 291*z**2. Determine q(-4).
0
Let k(i) be the second derivative of -i**3/2 + 5*i**2/2 + 8*i. Determine k(5).
-10
Let w(b) = -b + 5. Suppose -c - 2*s = 9, -5*c + 3 = -0*s - 2*s. Let j be (c/(-3))/(8/96). Give w(j).
1
Let b be (0 - (1 + 1))*1. Let n(s) = s**2 - s - 2. Let p(w) = 2*w**3 - 3*w**2 + 6*w + 12. Let i(q) = -6*n(q) - p(q). Calculate i(b).
4
Let b(n) = 4*n + 2. Let r be b(4). Let d = 20 - r. Let c(l) = -30*l**2 + 54*l**2 - 26*l**d - 3*l + 2. Calculate c(2).
-12
Let x(s) = s - 8. Suppose n + 2*c = 2, -5*c = -n + 11 + 26. Suppose -n*i - i = -5*i. Give x(i).
-8
Let t(y) = y**2 - 18*y + 3. Let q be t(18). Let f(r) be the first derivative of r**3/6 - r**2/2 - 2*r + 2. Let u(s) be the first derivative of f(s). Give u(q).
2
Let d(t) = 3*t**2 + 6*t - 12. Let k be d(-3). Let u(i) = i**3 + 3*i**2 + i + 3. What is u(k)?
0
Suppose -2*z = -4*z + 8, 14 = j + 4*z. Let q(u) be the third derivative of -u**5/12 - u**4/12 + u**3/3 - 3*u**2. What is q(j)?
-14
Let f = -5 - -16. Let v(m) = -m + f - 3 - 4 + 6. Calculate v(0).
10
Suppose 396*s + 10 = 401*s. Let k(a) = a + 6. What is k(s)?
8
Let x(a) = -15*a**3 - 2*a + 16*a**3 + 0*a**2 + 5*a**2 + 2 + 6*a. Let v(g) = -g**3 + 4*g**2 - 2*g + 5. Let i be v(4). Give x(i).
8
Let m(j) = -12992*j + j**2 + 7 + 12983*j - 2. Calculate m(9).
5
Suppose 0 = 5*p - 28 + 28. Let l(y) = -y**2 + 6. Calculate l(p).
6
Let s(f) = f**3 + 2*f**2 - 4*f + 3. Let c(z) = -z**2 + 15*z + 30. Let i be c(17). Give s(i).
-13
Suppose 28*n + 19 + 9 = 0. Let w(u) = u**3 - u. Calculate w(n).
0
Let a(f) = -f**2 - 5*f + 8. Let n be a(-7). Suppose 6*w = 3*w + 39. Let l(v) = -5*v - v**2 - 12 + 4 + w. Determine l(n).
-1
Let x(i) be the first derivative of -i**3/3 + 7*i**2/2 - 6*i + 243. Calculate x(6).
0
Let h(k) = k**3 + 12*k**2 - 35*k - 33. Let f be h(-14). Let t be (-3)/5 - 26/f. Let j(u) be the first derivative of -5*u**2/2 + 1. Give j(t).
5
Let p(f) = 2264 + f**2 - 1136 - f - 1127. Let d(x) be the second derivative of -x**5/20 - x**4/2 - 5*x**3/6 - x. Let q be d(-5). What is p(q)?
1
Let w(x) = 8*x - 2. Suppose 3*i - 2*o = 58, -3*i - 118 = -8*i - 2*o. Suppose 0 = -5*j - 3*b, j - b + 6*b = -i. What is w(j)?
22
Let x = 22 - 47. Let d = x - -30. Let j(o) = -o**2 + 1. Let r(z) = -4*z**2 - 6*z + 5. Let p(f) = -5*j(f) + r(f). Calculate p(d).
-5
Let i = -12 + 22. Let k = 10 - i. Let q(z) = -z + k - 5*z**2 + 3 + 5*z + 4*z**2. Determine q(5).
-2
Suppose -5*m - 18 = -0*r + r, -5*m - 28 = -4*r. Let i(l) = -l**2 + 4 + 13*l**2 - 5 - r*l. Determine i(-1).
13
Suppose -3*o - 8 = -4*c - 5, -2*c + 21 = 5*o. Let s be (2 - 0) + (o - 2). Let n(d) = 2*d + 4. What is n(s)?
10
Let j(o) = 6*o + 4 - 72 - 9*o + 2. Give j(-24).
6
Suppose -4*t - 3*r + r = 0, r = 4*t - 12. Suppose -3*n - 4 = -i, n + 0*i - 1 = -t*i. Let f(p) = -3*p + 1. Give f(n).
4
Let s(z) = -17 - 11*z**3 + 21*z - 8*z**3 - 21*z. Let f(r) = 6*r**3 + 6. Let k(w) = 17*f(w) + 6*s(w). Give k(-1).
12
Let s be 1/(7 + -3) + (-22)/(-8). Suppose s = 5*n - 17. Let x(a) = a**2 + 1. What is x(n)?
17
Suppose 5*m = 3*u + 21, -u - 4 - 1 = -m. Let h(k) be the second derivative of -k**5/20 + k**4/12 + 2*k**3/3 - 103*k + 1. Calculate h(m).
-6
Let j = 5 - 6. Let l(a) be the first derivative of -a + 2 - 7/3*a**3 - a**2. Calculate l(j).
-6
Let b(r) = -r**2 - r - 2. Suppose 2*x + 25 = 5*x - 5*i, -i - 5 = 0. Let g be x/((-12)/(4 - 0)). Determine b(g).
-2
Let v(w) = 3*w + 26. Suppose -15*r + r - 98 = 0. Let d be v(r). Let b(s) = s**2 - 11*s - 3. Calculate b(d).
-33
Suppose -2*b - 2*b + 8 = 0. Let t be b/4*(1 + -1). Suppose t = 3*g - 6*g - 9. Let l(u) = -u**3 - 2*u**2 + u - 3. What is l(g)?
3
Let n(q) be the first derivative of -4*q + 16 + 1/3*q**3 + 2*q**2. Determine n(-5).
1
Let h(q) = -5*q**3 + q**2 - q - 